e -u*p + 22096 + 24640 = 0. Is p prime?
False
Suppose -33*x + 407332 + 819246 = -87515. Is x a prime number?
True
Suppose -387 = 31*d - 3022. Suppose 3*r + 0*r - 2*j + 6 = 0, -2*j = r - 6. Suppose u + 0*u - d = r. Is u a prime number?
False
Let g = 100 - 91. Suppose 0 = l + 16 - g. Let t(q) = 106*q**2 + 7*q + 8. Is t(l) prime?
True
Let v(h) = -h**2 + 6*h + 40. Let i be v(10). Suppose i = -16*d + d + 44355. Is d prime?
True
Suppose 5*p = 2*v + 36, -3*v = -30*p + 28*p + 21. Let x(f) be the first derivative of 4*f**3/3 + 3*f**2/2 - 4*f - 1. Is x(v) a prime number?
True
Let f = 7956 + -5354. Let y = 4545 - f. Is y composite?
True
Suppose -4*f - 4*y = -58976, 0 = 2*f + 253*y - 248*y - 29497. Is f prime?
True
Suppose 40233 = 4*o - 77219. Is o a prime number?
True
Suppose 5*b - 46086 = -b. Let z = b + -5102. Let m = z - 1840. Is m a composite number?
False
Let t be 1*-2*(-3 + 125/10). Let c(m) = -m**3 - 20*m**2 - 39*m + 31. Is c(t) composite?
True
Let w = 8056 - -40743. Is w a prime number?
True
Let m = -260913 - -595664. Is m a composite number?
False
Let c be 1/((2/(-6))/(8/24)). Is (3 - 2)*c*0 + 20477 a composite number?
False
Let z(m) = -3804*m - 10387. Is z(-6) composite?
False
Is (-5)/(-40) - 31338/32*-502 composite?
True
Let t(d) = 53*d**2 + 13*d - 7*d - 8*d - 4*d + 27. Is t(8) a composite number?
False
Let b = 648519 - 379724. Is b a prime number?
False
Suppose 2*m + 3*n - 15 = 0, 2*m + 0*n - 9 = -5*n. Let a(y) = -2*y**2 + 73. Let u be a(-6). Is 2412/m - -1*u composite?
True
Let k(s) = 4*s - 79. Let v be k(20). Let i(p) = 6793*p + 12. Is i(v) a composite number?
True
Let j(x) = -5*x - 6. Let k be j(5). Let i = k + 16. Is -3 - i/3 - -561 prime?
True
Let q(y) = 18*y + 2. Let t be q(-10). Let s be ((-699)/6)/(2/12). Let b = t - s. Is b a prime number?
True
Is (-2073085)/(-244) - (-3 - (-9)/4) a prime number?
False
Let v = -40089 + 137860. Is v a prime number?
True
Let i(l) = -4*l**2 + 32*l + 1. Let j be i(13). Suppose 5*h = 5*s - 605, h - 2*s + 119 = -3*s. Let k = h - j. Is k a composite number?
False
Let g(v) = 183*v**2 + 87*v + 205. Is g(18) a composite number?
True
Let t(h) = 6*h + 8. Let g be t(1). Suppose g*n = 26*n - 888. Suppose -72*i = -n*i + 2198. Is i a composite number?
True
Let k(c) = 8099*c**2 - 621*c - 3111. Is k(-5) a composite number?
True
Let j(s) = s**3 + 17*s**2 + 67*s - 33. Let a be j(-23). Let m = 7929 + a. Is m prime?
True
Suppose -5*u - 112449 = -5*j + 171746, -5*j = -2*u - 284207. Is j prime?
True
Let y(m) be the second derivative of -m**4/12 - 2*m**3 - 4*m**2 + 6*m. Let b be y(-11). Suppose o - 3*c - 307 = 60, b*o = -4*c + 1153. Is o a prime number?
True
Let x(t) = 19*t - 43 - 10 + t**2 + 19*t - 11*t. Let j be x(-29). Suppose -9*g + 4*g + 2*k + 3171 = 0, j*k = -4*g + 2550. Is g composite?
True
Let g(j) = j - 10. Let p be g(6). Let k be p/(-3) + 1*5/(-15). Is 8 + 25/(-5) + k*94 a prime number?
True
Let n = 101298 - 20383. Suppose 27576 = 2*v - 2*z - 4790, 0 = 5*v - z - n. Is v a prime number?
True
Let m be ((45/(-2))/5)/((-21)/14). Suppose m*s - 217 = 974. Is s prime?
True
Suppose 0*g = -8*g + 80. Suppose g*s - 33909 = 64021. Is s a composite number?
True
Suppose 0 = 4*c + 5*i - 4005, 4*i - 4138 = -4*c - 134. Let a be (99/4)/(1/68). Let z = a - c. Is z a composite number?
False
Let m(x) = 4516 - 4584 + 54*x**2 + 50*x**2 + 17*x. Is m(7) composite?
False
Let n = 51420 - 20162. Is n prime?
False
Suppose 287249 = 5*w - 87314 - 106222. Is w prime?
True
Let c(p) = -5*p - 95. Let j be c(-19). Suppose j = -2*h - 273 + 8411. Is h a prime number?
False
Let z = -1499 - -2144. Suppose 2*m - 971 = -3*d, 2*d - 2*m - z = -m. Suppose w - 1378 = -d. Is w prime?
False
Is (26/39)/(7/(-38933265)*-10) composite?
False
Suppose -31125 = -3*z + 3*d, 6*z = 11*z + d - 51839. Is z a composite number?
False
Suppose -3*j = 5*v - 922994, -493*v + 490*v - j + 553794 = 0. Is v prime?
False
Let l(q) = 7098*q**3 + 5*q**2 - 11*q + 13. Is l(5) a prime number?
True
Suppose 2*g - 5815 - 22348 = -f, -3*f = -3*g - 84462. Is f a prime number?
False
Let b be (-77)/(-9) + 36/81. Suppose 4*p = 2*v - 17678, -8833 = -v + 14*p - b*p. Is v composite?
True
Suppose -4*k - 113 - 123 = 0. Let m = k + 57. Is 1657 + m/(-6)*0 prime?
True
Suppose 30*q - 2551300 + 781690 - 980580 = 0. Is q a prime number?
True
Let q(j) = j**3 - j**2 + 10*j - 1. Let t be (420/49)/(4/14). Let a = -26 + t. Is q(a) a composite number?
True
Let t(x) be the third derivative of -37*x**6/20 + x**4/24 + x**3/3 - 125*x**2. Is t(-1) composite?
False
Let z = 499 - 495. Suppose -z*w - 5*v + 15393 = 0, -19238 = 9*w - 14*w - 3*v. Is w composite?
False
Suppose 6*d = 36, 5*c - 15*d - 149933 = -18*d. Is c prime?
True
Let h = -420989 - -856806. Is h a composite number?
False
Let x(v) = 3*v**3 + 2*v**2 + 153*v - 13. Is x(34) a prime number?
False
Suppose -5*r = -18 + 3. Is (-1)/(-3)*(1629 - r)/2 a prime number?
True
Suppose 1625 = 5*q - 475. Suppose -5*i - 962 = -z + q, -4197 = -3*z - 2*i. Is z a prime number?
False
Let b(t) = -13*t**2 - 4 + 7*t**2 - 4*t + 10*t**2. Let x be b(4). Let n = 87 - x. Is n prime?
True
Let t be 0 + 8 + -3 + -3. Let i(k) = 2*k**3 - 6*k**2 + 2*k - 2. Let l be i(t). Is -1 - -2487*l/(-9) a composite number?
False
Suppose -7*x + 172924 = -2*x - 3*m, 4*m - 103737 = -3*x. Is x a composite number?
False
Is -1 - (-4162822)/10 - 35/175 prime?
True
Suppose 0 = 3*m - 7*m + 100. Suppose 0 = 3*r - 0*r - 5*i - m, -2*r = 2*i - 6. Suppose -10*k + 1085 = -r*k. Is k a composite number?
True
Let c = -6 + 8. Suppose -c*d - 15 = -27. Suppose -11*j + 1055 = -d*j. Is j prime?
True
Suppose 2*x = 4*n + 32, -2*n + 32 = -12*x + 14*x. Suppose 0 = 8*v - x*v + 15144. Is v composite?
True
Let g = -1602 - -3169. Let x = g + 367. Is x composite?
True
Let u(z) = 422*z**2 + 21*z + 686. Is u(-33) a prime number?
False
Let f = 549980 + -131383. Is f a prime number?
True
Is 495/330*(-37636)/(-6) composite?
True
Let b = 57059 - 21512. Suppose -b + 4599 = -12*c. Is c a prime number?
True
Let p = 230853 + -84402. Is p prime?
False
Let b(k) be the second derivative of -k**5/20 - k**4/6 - 2*k**2 + 12*k. Let g be b(-3). Suppose 0 = -g*q - 4*c + 561, -c = -q - 2*c + 112. Is q a prime number?
True
Suppose -2*g + 23989 = -3*a, -5*g - 10*a + 59975 = -15*a. Let v = g - 8541. Is v prime?
False
Let q(j) = -33*j - 24. Let c(i) = i**3 - 4*i**2 + i + 7. Let p be c(3). Suppose 7*d + 78 = p. Is q(d) a prime number?
False
Let n be 13422*(-3 + 35/10). Is n*(-2 + -2)/(-10 - -4) prime?
False
Suppose 6*a - 9*a + 1761 = -3*s, 2*a + 3*s = 1174. Let p = 48 + a. Is p prime?
False
Let q = -34 - -32. Let d(u) = 4 - 10*u - 7 + 132*u**2 + 12*u. Is d(q) composite?
False
Let h(g) = -257*g - 27. Let n(t) = -64*t - 7. Let k(v) = 6*h(v) - 26*n(v). Let c be k(18). Suppose -2*r - 858 = -c. Is r composite?
True
Let t(o) = 88*o**3 + 20*o**2 - 110*o + 1367. Is t(18) a prime number?
True
Let q = 8 + -7. Let w = 1 - q. Suppose 3*x - 2381 = 4*s, 5*s + 9 - 29 = w. Is x composite?
True
Let g(q) = 365*q - 8. Let z = -335 - -338. Is g(z) a prime number?
True
Let o = -274 - -284. Suppose -9*k - o*k + 83429 = 0. Is k a prime number?
True
Let z(y) = 2*y**2 + 45*y - 19. Let g be z(-23). Suppose -31*j = -32*j + o + 2961, -5*j + 14803 = -g*o. Is j composite?
True
Suppose -10*v = -12*v + 5*f + 170347, -4*v + 340687 = -3*f. Is v a composite number?
True
Let u(y) = y**2 + 7*y + 9. Let h be u(31). Let m = 3136 - h. Is m a prime number?
True
Suppose 232 = 10*f - 8*f. Suppose 3*n - 4849 - f = 0. Is n a composite number?
True
Suppose 10 = 2*q, -i - 5*q = 136 + 69. Let d = i + 1329. Is d composite?
True
Let l = 269 + 207. Let v = -12 + l. Suppose 3 + v = n. Is n composite?
False
Suppose 3*m + 2*z + z + 35124 = 0, 3*m + 35130 = -z. Let v = -6678 - m. Is v a prime number?
False
Suppose 3*y = 2*x - 74, 6*y - 2*y = -5*x + 208. Let o = 452 - x. Let g = o - 251. Is g prime?
False
Suppose 0 = -4*n - 4*v - 84, -5*n - 3*v - 88 = 19. Let d(c) = -46*c + 69. Let s be d(n). Suppose -j = -90 - s. Is j prime?
True
Let v be (-1 + 4 + -2)/((-3)/(-11622)). Suppose -2*d - 4*j + v = 0, 5*d - j - 9625 = j. Is d composite?
True
Suppose -63 = -4*v + 265. Let y = -67 + v. Is 1724/(-3)*y/(-10) composite?
True
Let a = 23171 - 81. Suppose -39*y = -a - 83809. Is y a prime number?
True
Suppose -d + 174215 = -2